3 + v**2 - 6*v + 5. Determine b(-3).
1058
Let x(f) = 959*f - 29735. Give x(31).
-6
Let k(z) = 19*z**2 - 133*z + 13. What is k(7)?
13
Let l(t) = -12*t - 78. Determine l(-7).
6
Let t(r) = 44*r - 1534. Calculate t(35).
6
Let z(t) = -50*t + 1071. Give z(21).
21
Let a(z) = 10*z + 314. Determine a(-34).
-26
Let r(f) = -f**2 - 40*f - 166. Determine r(-4).
-22
Let r(f) = -176*f - 816. Calculate r(-7).
416
Let f(x) = -x**2 - 47*x - 157. Calculate f(-9).
185
Let s(c) = c**3 + 4*c**2 + c - 4. Give s(-5).
-34
Let p(a) = -6*a**2 + 23*a - 17. Determine p(3).
-2
Let k(c) = c**3 + 16*c**2 - 639*c - 924. Calculate k(-34).
-6
Let a(n) = -7*n**2 + 179*n + 89. What is a(26)?
11
Let h(g) = -g**3 - 15*g**2 - 18*g + 131. Give h(-12).
-85
Let l(d) = -d**3 + 30*d**2 + 139*d + 5. Determine l(-4).
-7
Let t(y) = -11*y - 140. What is t(-11)?
-19
Let t(k) = 84*k**2 + 2184*k + 4. Determine t(-26).
4
Let j(c) = 5*c**2 - 118*c. Calculate j(19).
-437
Let a(i) = -18*i - 95. Determine a(-6).
13
Let r(t) = -t**3 + 4*t**2 - 55*t + 372. What is r(6)?
-30
Let h(r) = r**3 - 6*r**2 - 85*r - 56. Calculate h(13).
22
Let w(q) = 5*q**2 + 42*q + 93. Determine w(-5).
8
Let f(n) = -n**3 - 155*n**2 - 406*n + 7595. What is f(-152)?
-5
Let w(k) = k**3 + 10*k**2 + 3*k - 18. Calculate w(-9).
36
Let c(g) = 15*g - 127. Give c(18).
143
Let d(j) = 3356*j + 20149. Calculate d(-6).
13
Let o(h) = h**3 - 10*h**2 - 17*h + 95. Give o(10).
-75
Let m(r) = r + 41. Determine m(24).
65
Let s(f) = 27*f + 196. What is s(-11)?
-101
Let d(t) = t**3 - 73*t**2 + 82*t - 734. Calculate d(72).
-14
Let l(d) = d**3 - 157*d**2 - 36*d + 5651. What is l(157)?
-1
Let d(y) = -44*y - 4. Determine d(5).
-224
Let i(u) = 108*u - 1931. Calculate i(21).
337
Let f(c) = -c**3 - 17*c**2 + 575*c - 90. Determine f(-34).
12
Let t(b) = 415*b + 846. Calculate t(-2).
16
Let p(c) = -6*c**2 - 83*c + 166. What is p(2)?
-24
Let a(n) = 62*n**3 - 3*n + 2. Give a(1).
61
Let l(i) = 5*i - 109. Determine l(19).
-14
Let x(n) = 13*n + 492. Give x(-38).
-2
Let o(d) = -168*d - 1506. Give o(-9).
6
Let q(v) = 3*v**2 - 120*v + 810. Calculate q(7).
117
Let j(o) = 365*o - 23. Calculate j(0).
-23
Let i(x) = 31*x**2 + 146*x + 38. Determine i(-4).
-50
Let d(b) = 196*b - 1572. Calculate d(8).
-4
Let o(l) = 46*l + 511. Calculate o(-6).
235
Let z(t) = 5*t**2 - 103*t + 121. Determine z(19).
-31
Let s(x) = 2*x**3 - 8*x**2 - 10*x - 8. Determine s(5).
-8
Let z(k) = 2*k**3 + 123*k**2 + 176*k - 236. Calculate z(-60).
4
Let q(i) = 537*i + 3772. Determine q(-7).
13
Let l(t) = 27*t + 115. Give l(-5).
-20
Let a(r) = -30*r - 964. What is a(-36)?
116
Let q(j) = -2*j**2 + 114*j - 1228. Determine q(43).
-24
Let x(l) = -l**3 + 10*l**2 + 39*l + 3. Give x(13).
3
Let f(b) = -594*b + 7769. Determine f(13).
47
Let t(n) = -3*n**3 - 55*n**2 - 29*n - 155. What is t(-18)?
43
Let t(a) = a**3 - 44*a**2 - 8*a + 44. Calculate t(44).
-308
Let z(d) = -49*d + 685. Calculate z(14).
-1
Let m(s) = -5*s**2 - 211*s + 1176. Calculate m(5).
-4
Let q(f) = f**2 - 26*f + 79. What is q(16)?
-81
Let v(c) = -3*c - 23. Calculate v(-7).
-2
Let w(z) = -z**2 - 181*z - 3751. Determine w(-24).
17
Let m(s) = -1377*s - 11017. What is m(-8)?
-1
Let k(l) = -4*l**2 - 95*l + 402. Determine k(4).
-42
Let v(p) = 6*p**3 - 44*p**2 - 31*p. What is v(8)?
8
Let j(a) = 9*a**2 + 485*a + 155. What is j(-53)?
-269
Let w(h) = -31*h + 2790. Calculate w(90).
0
Let d(b) = 1604*b - 3190. Calculate d(2).
18
Let c(m) = 4*m - 691. Determine c(171).
-7
Let o(y) = 2*y**3 - 33*y**2 + y - 283. What is o(17)?
23
Let f(y) = -y**2 + 34*y + 928. What is f(-18)?
-8
Let y(j) = -2*j**3 + 30*j**2 + 3*j + 94. Determine y(15).
139
Let b(z) = -13*z + 5. Calculate b(-1).
18
Let z(g) = 2*g**3 + 162*g**2 + 8*g + 111. Determine z(-81).
-537
Let d(m) = -m**3 - 3*m**2 + 48*m - 114. Determine d(3).
-24
Let u(m) = -m**3 + 64*m**2 - 929*m + 98. Determine u(22).
-12
Let x(z) = z**3 - 22*z**2 + 373*z - 10102. Calculate x(24).
2
Let q(y) = -39*y - 941. What is q(-30)?
229
Let w(q) = -10*q**2 - 35*q + 572. Calculate w(6).
2
Let c(s) = -47*s**3 - 2*s**2 - 62*s + 64. Determine c(1).
-47
Let n(x) = -103*x**3 + 4*x**2 - 11*x + 6. Give n(1).
-104
Let q(z) = 2*z**3 - 65*z**2 + 37*z - 108. Give q(32).
52
Let d(x) = -13*x - 113. Give d(-9).
4
Let t(k) = -k**3 - 22*k**2 - 110*k - 198. What is t(-16)?
26
Let y(h) = -2*h**3 + 13*h**2 + 9*h - 5. Give y(7).
9
Let r(o) = 11*o**2 + 123*o - 86. Calculate r(-12).
22
Let y(b) = -20*b**2 + 14*b - 36. What is y(2)?
-88
Let u(g) = g**2 - 54*g + 608. Give u(38).
0
Let w(f) = -22*f**3 - 14*f - 15. Give w(-1).
21
Let d(w) = -3*w**3 + 99*w**2 + 325*w - 29. Give d(36).
7
Let k(i) = 248*i - 1080. Calculate k(4).
-88
Let z(y) = 2*y**2 + 100*y + 415. Determine z(-45).
-35
Let j(g) = 5*g**2 - 70*g + 130. What is j(12)?
10
Let d(c) = -4*c**2 - 40*c + 15. Give d(-10).
15
Let c(s) = s**3 - 49*s**2 + 10*s - 482. Give c(49).
8
Let q(s) = -7*s**2 - 43*s - 71. Give q(-2).
-13
Let b(h) = 92*h + 1156. What is b(-11)?
144
Let z(q) = q**3 - 7*q**2 + 7*q + 1. Give z(5).
-14
Let j(m) = m**3 - 35*m**2 + 181*m - 210. Give j(29).
-7
Let n(i) = -i**2 - 144*i - 2051. What is n(-16)?
-3
Let o(y) = -3*y**2 - 46*y - 92. Calculate o(-2).
-12
Let x(n) = 130*n**2 - 12*n + 12. Determine x(-1).
154
Let x(m) = -m**3 - 70*m**2 + 708*m + 9. What is x(9)?
-18
Let j(z) = -45*z**2 + 790*z + 8. Calculate j(18).
-352
Let j(p) = -41*p - 36. Determine j(-11).
415
Let r(c) = 347*c - 1730. Calculate r(5).
5
Let a(b) = -4*b**2 - 40*b + 10. Determine a(-11).
-34
Let d(s) = -533*s - 4752. What is d(-9)?
45
Let k(o) = 115*o - 1426. Calculate k(12).
-46
Let f(v) = -5*v**3 + 8*v**2 + 9*v + 10. Determine f(3).
-26
Let b(l) = l**3 + 52*l**2 + 466*l - 564. Calculate b(-40).
-4
Let x(h) = 384*h + 5. Give x(0).
5
Let h(a) = -a**3 - 34*a**2 - 63*a + 55. What is h(-32)?
23
Let t(k) = 195*k - 5472. Give t(28).
-12
Let j(i) = -2*i**2 + 18*i + 37. Calculate j(10).
17
Let b(p) = p**2 - p - 133. Give b(-11).
-1
Let r(a) = -3146*a + 47202. Calculate r(15).
12
Let x(o) = 4*o**3 - 16*o**2 + 25*o + 5. Determine x(5).
230
Let z(q) = 2*q**2 + 57*q + 386. Determine z(-21).
71
Let n(u) = -u**3 + 21*u**2 + 819*u + 43. What is n(41)?
2
Let d(s) = -s**2 - 396*s + 10. What is d(0)?
10
Let g(z) = z**3 + 27*z**2 + 12*z + 479. Determine g(-27).
155
Let z(y) = -317*y + 24402. Calculate z(77).
-7
Let p(h) = -h**3 - 18*h**2 + 39*h - 103. Give p(-20).
-83
Let l(y) = 435*y - 1619. Give l(4).
121
Let i(d) = d**3 + 9*d**2 - 12*d - 16. Give i(-9).
92
Let q(u) = -u**3 + 54*u**2 + 234*u - 131. Give q(58).
-15
Let v(m) = 26*m**3 + 2*m**2 - 11*m + 5. What is v(1)?
22
Let l(f) = -f**3 + 4*f**2 + 36*f + 94. Calculate l(-4).
78
Let i(z) = -236*z + 1687. Give i(9).
-437
Let f(n) = -n**2 + 132*n - 517. Calculate f(4).
-5
Let m(r) = -4*r**2 - 11*r + 29. Calculate m(-9).
-196
Let w(d) = d**3 - 33*d**2 + 143*d - 30. Calculate w(28).
54
Let b(u) = -265*u + 1225. Give b(9).
-1160
Let b(l) = -l**2 - 127*l - 3595. What is b(-42)?
-25
Let z(a) = 35*a**2 + 315*a - 3. Calculate z(-9).
-3
Let s(n) = -n**3 - 51*n**2 + 1517*n - 87. Calculate s(21).
18
Let f(h) = 2*h**3 - 138*h**2 + 1275*h + 9. Calculate f(11).
-2
Let r(z) = -z**3 - 7*z**2 + 9*z + 17. Determine r(-7).
-46
Let a(y) = -7*y - 23. Calculate a(-9).
40
Let p(t) = 24*t + 468. What is p(-15)?
108
Let u(c) = -c**3 + 77*c**2 - 777*c - 197. Calculate u(65).
-2
Let z(q) = q**3 - 53*q**2 + 91*q + 565. Calculate z(51).
4
Let h(q) = -q**3 + 11*q**2 + 2*q - 45. Give h(11).
-23
Let u(n) = -4*n**3 - 167*n**2 + 43*n + 32. Calculate u(-42).
-10
Let p(o) = -o**3 - 16*o**2 - 73*o - 441. Determine p(-13).
1
Let p(i) = -2*i**2 - 60*i + 21. Give p(-28).
133
Let v(l) = -219*l - 863. Give v(-4).
13
Let g(d) = 96*d - 3639. Determine g(38).
9
Let b(x) = x**2 + 11*x - 271. What is b(9)?
-91
Let a(x) = -x**3 - 13*x**2 + 66*x + 654. Calculate a(-13).
-204
Let a(q) = -q**3 + 57*q**2 - 59*q + 43. Calculate a(56).
-125
Let w(o) = -o**3 + 8*o**2 + 23*o - 212. Calculate w(8).
-28
Let d(l) = -96*l + 185. Give d(2).
-7
Let y(p) = 207*p - 28965. Calculate y(140).
15
Let u(i) = -7*i**2 + 16*i + 689. Calculate u(-9).
-22
Let k(b) = b**2 - 14*b - 97. Calculate k(15).
-82
Let w(v) = -2*v**2 - 35*v - 97. Give w(-3).
-10
Let n(o) = 337*o + 5388. Calculate n(-16).
-4
Let v(l) = -l**3 + 35*l**2 + 62*l + 70. Calculate v(37